 the prime factors of 16500449.
7, 29, 81283
List the prime factors of 133874293.
7, 19124899
What are the prime factors of 600184085?
5, 120036817
What are the prime factors of 3269104850?
2, 5, 11, 19, 307, 1019
List the prime factors of 1276550312.
2, 101, 1579889
What are the prime factors of 379738477?
131, 947, 3061
What are the prime factors of 38161243?
17, 2244779
List the prime factors of 398940023.
31, 12869033
List the prime factors of 183175546.
2, 91587773
List the prime factors of 26589074.
2, 41, 71, 4567
What are the prime factors of 389765966?
2, 61, 3194803
List the prime factors of 52600077.
3, 73, 26687
What are the prime factors of 67513348?
2, 7, 2411191
List the prime factors of 446083055.
5, 11, 127, 63863
List the prime factors of 53999614.
2, 233, 115879
What are the prime factors of 7367625?
3, 5, 37, 59
List the prime factors of 51400784.
2, 251, 12799
List the prime factors of 403582116.
2, 3, 7, 19, 13309
List the prime factors of 350871070.
2, 5, 11, 3189737
What are the prime factors of 431081293?
151, 2854843
What are the prime factors of 328647269?
328647269
What are the prime factors of 80219550?
2, 3, 5, 127, 4211
What are the prime factors of 494279783?
229, 2158427
What are the prime factors of 5088622786?
2, 13, 353, 42649
What are the prime factors of 866713151?
127, 433, 15761
List the prime factors of 379398413.
3373, 112481
List the prime factors of 112047093.
3, 12449677
List the prime factors of 40445866.
2, 20222933
What are the prime factors of 218490329?
19, 457, 25163
What are the prime factors of 456525609?
3, 152175203
List the prime factors of 31040046.
2, 3, 1724447
List the prime factors of 376292577.
3, 125430859
List the prime factors of 244422165.
3, 5, 13, 96419
List the prime factors of 583370452.
2, 7, 19, 1096561
What are the prime factors of 81584524?
2, 7, 2913733
What are the prime factors of 1439203135?
5, 287840627
What are the prime factors of 3771565772?
2, 13, 31, 2339681
List the prime factors of 2904396971.
7, 414913853
What are the prime factors of 366997990?
2, 5, 36699799
What are the prime factors of 26959969?
89, 302921
List the prime factors of 1263259058.
2, 89, 7096961
List the prime factors of 41261960.
2, 5, 1031549
List the prime factors of 655024946.
2, 327512473
List the prime factors of 367559273.
367559273
List the prime factors of 84507491.
137, 616843
List the prime factors of 3752557818.
2, 3, 673, 929311
List the prime factors of 168869801.
4583, 36847
List the prime factors of 114430548.
2, 3, 31, 307609
What are the prime factors of 1739453425?
5, 491, 141707
List the prime factors of 2453000897.
881, 2784337
What are the prime factors of 205615196?
2, 53, 79, 12277
What are the prime factors of 1246929591?
3, 415643197
List the prime factors of 62839942.
2, 11, 43, 181, 367
List the prime factors of 1445114647.
1445114647
List the prime factors of 1059563143.
83, 12765821
What are the prime factors of 41692955?
5, 163, 51157
List the prime factors of 473875055.
5, 3301, 28711
List the prime factors of 1970534233.
17291, 113963
What are the prime factors of 774805352?
2, 96850669
What are the prime factors of 793765008?
2, 3, 197, 3109
What are the prime factors of 1065069880?
2, 5, 7, 149, 521
What are the prime factors of 598456959?
3, 13627, 14639
List the prime factors of 40709960.
2, 5, 1017749
What are the prime factors of 707495519?
707495519
What are the prime factors of 3640743175?
5, 911, 159857
List the prime factors of 584252166.
2, 3, 19, 5125019
What are the prime factors of 382580751?
3, 7, 19, 958849
List the prime factors of 3429905452.
2, 23, 167, 223243
What are the prime factors of 781395667?
13, 17, 211, 1289
List the prime factors of 2462676675.
3, 5, 433, 75833
What are the prime factors of 342474783?
3, 7, 16308323
What are the prime factors of 480526244?
2, 11, 10921051
What are the prime factors of 92505684?
2, 3, 109, 197, 359
What are the prime factors of 91927190?
2, 5, 2221, 4139
What are the prime factors of 121405341?
3, 1907, 21221
List the prime factors of 268093398.
2, 3, 53, 67, 12583
What are the prime factors of 4989213302?
2, 29, 61, 1410179
What are the prime factors of 3574025?
5, 7, 13, 1571
What are the prime factors of 617827774?
2, 29, 2801, 3803
What are the prime factors of 105578270?
2, 5, 7, 29, 52009
What are the prime factors of 364138771?
113, 3222467
List the prime factors of 112488653.
23, 79, 61909
List the prime factors of 49586780.
2, 5, 509, 4871
What are the prime factors of 9167371?
9167371
What are the prime factors of 5723482385?
5, 19, 479, 125777
What are the prime factors of 26833549?
163, 164623
List the prime factors of 11995095.
3, 5, 7, 71, 1609
List the prime factors of 245314372.
2, 71, 863783
What are the prime factors of 412680745?
5, 82536149
List the prime factors of 1881549.
3, 29, 89
What are the prime factors of 287979204?
2, 3, 23998267
What are the prime factors of 4101636886?
2, 17, 120636379
List the prime factors of 26187425.
5, 11, 787
What are the prime factors of 2534689121?
2534689121
What are the prime factors of 26075459?
47, 554797
What are the prime factors of 2821742066?
2, 11, 13, 71, 79, 1759
List the prime factors of 150152828.
2, 7, 5362601
List the prime factors of 5888207.
13, 23, 47, 419
What are the prime factors of 30588544?
2, 7, 4877
List the prime factors of 585929001.
3, 7, 27901381
List the prime factors of 237691941.
3, 79230647
List the prime factors of 15689257.
251, 62507
List the prime factors of 199992767.
13, 15384059
What are the prime factors of 154454312?
2, 2753, 7013
What are the prime factors of 163790677?
163790677
List the prime factors of 99343189.
11, 17, 31, 17137
What are the prime factors of 37838951?
2143, 17657
List the prime factors of 1572704999.
83, 18948253
What are the prime factors of 34670661?
3, 149, 77563
What are the prime factors of 926739236?
2, 41, 101, 55949
List the prime factors of 1672237409.
107, 769, 20323
What are the prime factors of 1015797625?
5, 331, 24551
List the prime factors of 193081168.
2, 7, 246277
List the prime factors of 217736001.
3, 7, 3456127
List the prime factors of 264513882.
2, 3, 44085647
What are the prime factors of 595694714?
2, 313, 951589
List the prime factors of 436643745.
3, 5, 29109583
What are the prime factors of 1943023421?
1943023421
What are the prime factors of 6338501886?
2, 3, 1056416981
List the prime factors of 139831444.
2, 23, 1519907
List the prime factors of 500773699.
7823, 64013
What are the prime factors of 4995578?
2, 7, 239, 1493
List the prime factors of 140158746.
2, 3, 7, 13, 41, 2087
List the prime factors of 252591174.
2, 3, 11, 167, 7639
What are the prime factors of 1217599471?
11, 110690861
List the prime factors of 6691233035.
5, 1181, 1133147
What are the prime factors of 5593524661?
47, 119011163
What are the prime factors of 4608680015?
5, 43, 4027, 5323
List the prime factors of 1397659218.
2, 3, 232943203
List the prime factors of 945837154.
2, 271, 1745087
What are the prime factors of 202919275?
5, 13, 563, 1109
List the prime factors of 34256317.
34256317
List the prime factors of 2210551095.
3, 5, 43, 3427211
List the prime factors of 9111363.
3, 3037121
List the prime factors of 156925418.
2, 13, 1231, 4903
List the prime factors of 267847828.
2, 29, 61, 37853
What are the prime factors of 5830055673?
3, 13, 149488607
List the prime factors of 51073579.
37, 79, 101, 173
List the prime factors of 24387203.
19, 1283537
List the prime factors of 1098366314.
2, 101, 149, 36493
List the prime factors of 575978887.
11, 17, 139, 22159
What are the prime factors of 106765819?
106765819
List the prime factors of 63337816.
2, 2777, 2851
What are the prime factors of 986122689?
3, 17, 19335739
What are the prime factors of 6125107079?
7, 13, 79, 852011
What are the prime factors of 71182309?
11, 23, 281353
List the prime factors of 86892555.
3, 5, 29, 199753
List the prime factors of 8031354193.
8031354193
What are the prime factors of 1086344803?
1086344803
What are the prime factors of 1823813278?
2, 7, 17, 7663081
What are the prime factors of 268644855?
3, 5, 83, 151, 1429
What are the prime factors of 54740472?
2, 3, 709, 3217
What are the 